{"id":18,"date":"2018-10-23T17:26:58","date_gmt":"2018-10-23T17:26:58","guid":{"rendered":"http:\/\/paarlezvous.de\/?page_id=18"},"modified":"2020-08-19T19:21:21","modified_gmt":"2020-08-19T19:21:21","slug":"methode","status":"publish","type":"page","link":"https:\/\/paarlezvous.de\/?page_id=18","title":{"rendered":"Methode"},"content":{"rendered":"\n<div style=\"height:20px\" aria-hidden=\"true\" class=\"wp-block-spacer\"><\/div>\n\n\n\n<p class=\"has-text-align-center\">In der systemischen Therapie liegt der Schwerpunkt nicht nur bei Ihnen als einzelne Person, sondern ebenfalls in den Beziehungen zu anderen Personen und Institutionen, die f\u00fcr Sie eine wichtige Rolle im Leben spielen. Ver\u00e4nderungen bei Ihnen, bewirken auch immer Ver\u00e4nderungen im gesamten System. Als systemische Therapeutin werde ich empathisch, offen und wertefrei auf Sie eingehen und dabei l\u00f6sungsorientiert vorgehen. Sie stehen hierbei als Experte f\u00fcr sich selbst, denn nur Sie wissen, was Ihnen am besten gut tut. In gemeinsamen Gespr\u00e4chen und mithilfe diverser Methoden werden wir zusammen an ihre derzeitigen Schwierigkeiten herantreten und geeignete und f\u00fcr Sie passenden L\u00f6sungen finden. Ich biete hierbei sowohl Gespr\u00e4che f\u00fcr Einzelne, Paare oder mehrere Familienmitglieder an.<\/p>\n\n\n\n<div style=\"height:100px\" aria-hidden=\"true\" class=\"wp-block-spacer\"><\/div>\n\n\n\n<div class=\"wp-block-button aligncenter is-style-outline is-style-outline--1\"><a class=\"wp-block-button__link\" href=\"http:\/\/paarlezvous.de\/?page_id=111\">Stelle deine Fragen<br><\/a><\/div>\n\n\n\n<div style=\"height:75px\" aria-hidden=\"true\" class=\"wp-block-spacer\"><\/div>\n\n\n\n<div class=\"wp-block-image\"><figure class=\"aligncenter\"><img loading=\"lazy\" decoding=\"async\" width=\"768\" height=\"512\" src=\"http:\/\/paarlezvous.de\/wp-content\/uploads\/2018\/10\/romance-1209046-768x512.jpg\" alt=\"\" class=\"wp-image-96\" srcset=\"https:\/\/paarlezvous.de\/wp-content\/uploads\/2018\/10\/romance-1209046-768x512.jpg 768w, https:\/\/paarlezvous.de\/wp-content\/uploads\/2018\/10\/romance-1209046-300x200.jpg 300w, https:\/\/paarlezvous.de\/wp-content\/uploads\/2018\/10\/romance-1209046-1024x683.jpg 1024w, https:\/\/paarlezvous.de\/wp-content\/uploads\/2018\/10\/romance-1209046-330x220.jpg 330w\" sizes=\"auto, (max-width: 768px) 100vw, 768px\" \/><\/figure><\/div>\n","protected":false},"excerpt":{"rendered":"<p>In der systemischen Therapie liegt der Schwerpunkt nicht nur bei Ihnen als einzelne Person, sondern ebenfalls in den Beziehungen zu anderen Personen und Institutionen, die f\u00fcr Sie eine wichtige Rolle im Leben spielen. Ver\u00e4nderungen bei Ihnen, bewirken auch immer Ver\u00e4nderungen im gesamten System. Als systemische Therapeutin werde ich empathisch, offen und wertefrei auf Sie eingehen [&hellip;]<\/p>\n","protected":false},"author":1,"featured_media":0,"parent":0,"menu_order":0,"comment_status":"closed","ping_status":"closed","template":"page-fullwidth.php","meta":{"footnotes":""},"class_list":["post-18","page","type-page","status-publish","hentry"],"_links":{"self":[{"href":"https:\/\/paarlezvous.de\/index.php?rest_route=\/wp\/v2\/pages\/18","targetHints":{"allow":["GET"]}}],"collection":[{"href":"https:\/\/paarlezvous.de\/index.php?rest_route=\/wp\/v2\/pages"}],"about":[{"href":"https:\/\/paarlezvous.de\/index.php?rest_route=\/wp\/v2\/types\/page"}],"author":[{"embeddable":true,"href":"https:\/\/paarlezvous.de\/index.php?rest_route=\/wp\/v2\/users\/1"}],"replies":[{"embeddable":true,"href":"https:\/\/paarlezvous.de\/index.php?rest_route=%2Fwp%2Fv2%2Fcomments&post=18"}],"version-history":[{"count":13,"href":"https:\/\/paarlezvous.de\/index.php?rest_route=\/wp\/v2\/pages\/18\/revisions"}],"predecessor-version":[{"id":174,"href":"https:\/\/paarlezvous.de\/index.php?rest_route=\/wp\/v2\/pages\/18\/revisions\/174"}],"wp:attachment":[{"href":"https:\/\/paarlezvous.de\/index.php?rest_route=%2Fwp%2Fv2%2Fmedia&parent=18"}],"curies":[{"name":"wp","href":"https:\/\/api.w.org\/{rel}","templated":true}]}}