{"id":19,"date":"2018-10-23T17:26:58","date_gmt":"2018-10-23T17:26:58","guid":{"rendered":"http:\/\/paarlezvous.de\/?page_id=19"},"modified":"2024-05-29T14:27:05","modified_gmt":"2024-05-29T14:27:05","slug":"angebot","status":"publish","type":"page","link":"https:\/\/paarlezvous.de\/?page_id=19","title":{"rendered":"Angebot"},"content":{"rendered":"<div class=\"wp-block-image\">\n<figure class=\"aligncenter size-large is-resized\"><img loading=\"lazy\" decoding=\"async\" width=\"1024\" height=\"680\" src=\"http:\/\/paarlezvous.de\/wp-content\/uploads\/2018\/10\/beach-962787-1024x680.jpg\" alt=\"\" class=\"wp-image-59\" style=\"width:712px;height:472px\" srcset=\"https:\/\/paarlezvous.de\/wp-content\/uploads\/2018\/10\/beach-962787-1024x680.jpg 1024w, https:\/\/paarlezvous.de\/wp-content\/uploads\/2018\/10\/beach-962787-300x199.jpg 300w, https:\/\/paarlezvous.de\/wp-content\/uploads\/2018\/10\/beach-962787-768x510.jpg 768w, https:\/\/paarlezvous.de\/wp-content\/uploads\/2018\/10\/beach-962787-330x220.jpg 330w\" sizes=\"auto, (max-width: 1024px) 100vw, 1024px\" \/><\/figure>\n<\/div>\n\n\n<h2 class=\"wp-block-heading has-text-align-center\">Einzelberatung<br><\/h2>\n\n\n\n<hr class=\"wp-block-separator has-css-opacity is-style-wide\"\/>\n\n\n\n<div style=\"height:55px\" aria-hidden=\"true\" class=\"wp-block-spacer\"><\/div>\n\n\n\n<p class=\"has-text-align-center\">Um klar zu sehen, gen\u00fcgt oft ein Wechsel der Blickrichtung.<\/p>\n\n\n\n<p class=\"has-text-align-center\">\u2013 Antoine de Saint Exup\u00e9ry<\/p>\n\n\n\n<p class=\"has-text-align-center\"><br>Einschneidende Krisen, Lebensver\u00e4nderungen oder \u00dcbergangssituationen k\u00f6nnen den Einzelnen von Zeit zu Zeit so aus der Bahn werfen, dass sie nicht mehr wissen wo Hinten und Vorn ist. In gemeinsamen Gespr\u00e4chen k\u00f6nnen wir einen Blick darauf werfen und nach einen guten Weg f\u00fcr L\u00f6sungen suchen. Ich unterst\u00fctze Sie zudem auch gerne in der Entwicklung ihrer Pers\u00f6nlichkeit. Gemeinsam k\u00f6nnen wir einen Blick auf der St\u00e4rkung ihres Selbst und ihrer Entscheidungs- und Orientierungsfindung werfen.<\/p>\n\n\n\n<p class=\"has-text-align-center\">60 Minuten f\u00fcr&nbsp;90 Euro<\/p>\n\n\n\n<div style=\"height:100px\" aria-hidden=\"true\" class=\"wp-block-spacer\"><\/div>\n\n\n\n<h2 class=\"wp-block-heading has-text-align-center\">Paarberatung<\/h2>\n\n\n\n<hr class=\"wp-block-separator has-css-opacity is-style-wide\"\/>\n\n\n\n<div style=\"height:50px\" aria-hidden=\"true\" class=\"wp-block-spacer\"><\/div>\n\n\n\n<p class=\"has-text-align-center\">Es geht im Leben nicht darum zu warten, dass das Unwetter vorbeizieht. <br>Es geht darum zu lernen, im Regen zu tanzen.<\/p>\n\n\n\n<p class=\"has-text-align-center\">\u2013 Unbekannt<\/p>\n\n\n\n<p class=\"has-text-align-center\"><br>Manchmal haben sich Schwierigkeiten in der Partnerschaft so festgesetzt, das Paare nicht mehr alleine herausfinden. Die Paarberatung kann ein Weg sein diesen Teufelskreis zu durchbrechen. In gemeinsamen Gespr\u00e4chen wollen wir nicht beurteilen ob die Aussagen vom Partner richtig oder falsch sind, sondern einen Raum schaffen, in welchem Sie sich gegenseitig mitteilen k\u00f6nnen, wie es Ihnen geht und somit jeden einzelnen von Ihnen ein Geh\u00f6r verschaffen. Die Paarberatung kann eine M\u00f6glichkeit sein, Entlastung in der Paarbeziehung zu finden. Hier finden Themen wie die Paargeschichte, alte Verletzungen, Sexualit\u00e4t, gegenseitige Anspr\u00fcche und Erwartungen, der Platz als Eltern und die Rolle der eigenen Herkunft einen Platz. Mithilfe diverser Methoden k\u00f6nnen wir gemeinsam an diesen Themen l\u00f6sungsorientiert wachsen.<\/p>\n\n\n\n<p class=\"has-text-align-center\">90 Minuten f\u00fcr&nbsp;135 Euro<\/p>\n\n\n\n<div style=\"height:100px\" aria-hidden=\"true\" class=\"wp-block-spacer\"><\/div>\n\n\n\n<h2 class=\"wp-block-heading has-text-align-center\">Familientherapie<em> &nbsp;<\/em><\/h2>\n\n\n\n<hr class=\"wp-block-separator has-css-opacity is-style-wide\"\/>\n\n\n\n<div style=\"height:61px\" aria-hidden=\"true\" class=\"wp-block-spacer\"><\/div>\n\n\n\n<p class=\"has-text-align-center\">Inmitten der Schwierigkeit liegt die M\u00f6glichkeit <\/p>\n\n\n\n<p class=\"has-text-align-center\">\u2013 Albert Einstein<\/p>\n\n\n\n<p><\/p>\n\n\n\n<p class=\"has-text-align-center\"><br>Das&nbsp; Zusammenleben&nbsp; in&nbsp; einer&nbsp; Familie&nbsp; kann&nbsp; von&nbsp; Zeit&nbsp; zu&nbsp; Zeit&nbsp; durchaus&nbsp; Schwierigkeiten&nbsp; mit&nbsp; sich&nbsp; bringen. Konflikte&nbsp; innerhalb&nbsp; der&nbsp; Familie,&nbsp; Erziehungsfragen,&nbsp; ver\u00e4nderte&nbsp; Lebensumst\u00e4nde&nbsp; oder Verhaltensauff\u00e4lligkeiten&nbsp; bei&nbsp; einem&nbsp; oder&nbsp; mehreren&nbsp; Kindern&nbsp; k\u00f6nnen&nbsp; hier&nbsp; beispielsweise&nbsp; Themen&nbsp; sein, die&nbsp; es&nbsp; im famili\u00e4ren&nbsp; Rahmen&nbsp; zu&nbsp; Auseinandersetzungen&nbsp; kommen&nbsp; l\u00e4sst.&nbsp; Oft&nbsp; verh\u00e4rten&nbsp; sich&nbsp; die&nbsp;Probleme&nbsp; so&nbsp; sehr,&nbsp; dass&nbsp; L\u00f6sungen&nbsp; nicht&nbsp; mehr&nbsp; gesehen&nbsp; werden&nbsp; und&nbsp; eine&nbsp; Hilflosigkeit&nbsp; entsteht.&nbsp; In&nbsp; der&nbsp;Familientherapie wird&nbsp; versucht,&nbsp; Ver\u00e4nderungen&nbsp; im&nbsp; gesamten&nbsp; System&nbsp; ,,Familie\u2018\u2018 voranzutreiben.&nbsp; In&nbsp; gemeinsamen Gespr\u00e4chen&nbsp; mit&nbsp; mindestens&nbsp; einem&nbsp; Elternteil&nbsp; und&nbsp; einem&nbsp; Kind&nbsp; wollen&nbsp; wir&nbsp; jedem&nbsp; den&nbsp; Raum geben seine&nbsp; Sorgen,&nbsp; \u00c4ngste&nbsp; und&nbsp; W\u00fcnsche&nbsp; zu&nbsp; \u00e4u\u00dfern&nbsp; und&nbsp; gemeinsam&nbsp; nach&nbsp; M\u00f6glichkeiten&nbsp; schauen&nbsp; in&nbsp; ein harmonisches&nbsp; Familienleben&nbsp; zu&nbsp; kehren.<\/p>\n\n\n\n<p class=\"has-text-align-center\">90 min f\u00fcr 135 Euro<\/p>\n\n\n\n<div style=\"height:100px\" aria-hidden=\"true\" class=\"wp-block-spacer\"><\/div>\n\n\n\n<p><\/p>\n\n\n\n<h2 class=\"wp-block-heading has-text-align-center\">Supervision<\/h2>\n\n\n\n<hr class=\"wp-block-separator has-alpha-channel-opacity\"\/>\n\n\n\n<div style=\"height:61px\" aria-hidden=\"true\" class=\"wp-block-spacer\"><\/div>\n\n\n\n<p class=\"has-text-align-center\">Im Rahmen der Supervision m\u00f6chte ich Sie in Ihren beruflichen Prozessen unterst\u00fctzen. Im Mittelpunkt steht dabei Ihre Entwicklung, Entfaltung und Verbesserung des arbeitsbezogenen Handelns. Ich biete sowohl Einzel,- Gruppen- und Teamsupervisionen an.<\/p>\n\n\n\n<p class=\"has-text-align-center\">Einzelsupervision: 60 Min f\u00fcr 90 Euro<\/p>\n\n\n\n<p class=\"has-text-align-center\">Gruppen-und Teamsupervisionen: ab 90 Min f\u00fcr je 150 Euro<\/p>\n","protected":false},"excerpt":{"rendered":"<p>Einzelberatung Um klar zu sehen, gen\u00fcgt oft ein Wechsel der Blickrichtung. \u2013 Antoine de Saint Exup\u00e9ry Einschneidende Krisen, Lebensver\u00e4nderungen oder \u00dcbergangssituationen k\u00f6nnen den Einzelnen von Zeit zu Zeit so aus der Bahn werfen, dass sie nicht mehr wissen wo Hinten und Vorn ist. In gemeinsamen Gespr\u00e4chen k\u00f6nnen wir einen Blick darauf werfen und nach einen [&hellip;]<\/p>\n","protected":false},"author":1,"featured_media":0,"parent":0,"menu_order":0,"comment_status":"closed","ping_status":"closed","template":"page-fullwidth.php","meta":{"footnotes":""},"class_list":["post-19","page","type-page","status-publish","hentry"],"_links":{"self":[{"href":"https:\/\/paarlezvous.de\/index.php?rest_route=\/wp\/v2\/pages\/19","targetHints":{"allow":["GET"]}}],"collection":[{"href":"https:\/\/paarlezvous.de\/index.php?rest_route=\/wp\/v2\/pages"}],"about":[{"href":"https:\/\/paarlezvous.de\/index.php?rest_route=\/wp\/v2\/types\/page"}],"author":[{"embeddable":true,"href":"https:\/\/paarlezvous.de\/index.php?rest_route=\/wp\/v2\/users\/1"}],"replies":[{"embeddable":true,"href":"https:\/\/paarlezvous.de\/index.php?rest_route=%2Fwp%2Fv2%2Fcomments&post=19"}],"version-history":[{"count":33,"href":"https:\/\/paarlezvous.de\/index.php?rest_route=\/wp\/v2\/pages\/19\/revisions"}],"predecessor-version":[{"id":226,"href":"https:\/\/paarlezvous.de\/index.php?rest_route=\/wp\/v2\/pages\/19\/revisions\/226"}],"wp:attachment":[{"href":"https:\/\/paarlezvous.de\/index.php?rest_route=%2Fwp%2Fv2%2Fmedia&parent=19"}],"curies":[{"name":"wp","href":"https:\/\/api.w.org\/{rel}","templated":true}]}}